t is the highest common divisor of 8 and c?
8
Let p be ((-4)/(-3))/((-5)/(-180)). What is the greatest common factor of p and 240?
48
Let b(j) = -2*j + 16. Let g be b(-10). Suppose -11 = 5*m - 4*p + 12, 3*m + 5*p - 1 = 0. Let n = 7 + m. What is the greatest common divisor of g and n?
4
Let s be 1/((-6)/8 - -1). Suppose -300 = -s*r - r. Calculate the greatest common divisor of r and 24.
12
Suppose 0 = -4*k - 0 + 12. Suppose -1 = -k*t + 2. Suppose t + 1 = 2*v. Calculate the highest common divisor of 6 and v.
1
Suppose 10 = j + 4*j. Suppose -146 = -4*k - 2*f, j*f - 78 = -k - k. Calculate the greatest common factor of 17 and k.
17
Let t be 2/14 + (-501)/(-21). What is the greatest common factor of 12 and t?
12
Let h be (4/3)/(6/18). Suppose 0 = -0*l + h*l, -3*l - 4 = -2*o. Calculate the greatest common divisor of 2 and o.
2
Let x(n) = -n**2 + 15*n - 13. Let f be x(14). Suppose h - 3 + 0 = 0. Calculate the highest common factor of h and f.
1
Let u(i) = -2*i**2 + i**2 - 2*i - 6*i**3 - 11*i**3 - 1 - 8*i**3. Let f be u(-1). Calculate the greatest common factor of 5 and f.
5
Suppose 4*o = 2*o + 4. Calculate the highest common divisor of o and 4.
2
Let p = -345 + 627. Let u be (-3)/(-15) + p/15. Suppose 0 = -4*w + 281 + u. Calculate the greatest common divisor of w and 50.
25
Suppose -5*j + j - 8 = -i, -4*i - 3*j = 6. Let p be 24 + i/(-1 + 0). Suppose 0*u = -3*u + 18. What is the greatest common divisor of u and p?
6
Let b be (-1 + 3)/(3/(-33)). Suppose 7*c - 3*c - 88 = 0. Let z = c - b. What is the greatest common factor of z and 4?
4
Let a = -22 + 30. Let w be ((-12)/(-5))/((-15)/(-550)). What is the highest common factor of w and a?
8
Let z = -340 + 350. Let s(y) = 100*y**2 - y + 1. Let c be s(1). Calculate the greatest common divisor of c and z.
10
Let c(v) = -534*v**3 - 2*v**2 + 1. Let p be c(-1). Let l = p - 379. Calculate the greatest common divisor of l and 22.
22
Let g be (-124)/(-10) - (-18)/(-45). Calculate the highest common divisor of g and 12.
12
Let t(a) = -a**2 + 18. Let b be t(0). Calculate the greatest common divisor of b and 12.
6
Suppose -4*m - 12 = -3*o + 20, -4*o + 68 = m. Suppose 0 = -6*c + 2*c + 448. What is the highest common divisor of o and c?
16
Let b = -6 + 2. Let t be 2*(-2)/b*0. Let m be 42/4*(2 + t). Calculate the highest common factor of 14 and m.
7
Suppose 10 = -2*l, 2*l + 14 = q - 0*l. What is the greatest common divisor of 16 and q?
4
Let k = 20 + -3. Suppose 3*q + 9 = 0, 3*a - 1 - k = 3*q. Calculate the highest common factor of a and 9.
3
Let o(a) = -a**3 + 8*a**2 - 7*a. Let i be o(7). Let h = 4 + i. Calculate the greatest common divisor of h and 44.
4
Let x(p) = -p**2 + 2*p + 14. Let j be x(4). What is the greatest common divisor of j and 96?
6
Let j be (-10)/45 + 218/9. Calculate the highest common factor of j and 24.
24
Let j(p) = p**2 + p - 1. Let c be j(-2). Calculate the highest common divisor of c and 11.
1
Let l(z) = -z**3 + 7*z + 22. Let m be l(-3). Calculate the greatest common divisor of 21 and m.
7
Let x be (-1)/(1*(-2 - -3)). Let h(d) = -5*d + 1. Let m be h(x). Calculate the highest common factor of 6 and m.
6
Let n be ((-4)/7)/((-11)/77). Let c be 1/3 - 33/(-9). Calculate the highest common factor of n and c.
4
Let p be (14/4)/((-1)/2). Let x(u) = -u**3 - 8*u**2 - 8*u - 5. Let w be x(p). Let b = 46 - 30. What is the highest common factor of w and b?
2
Let b = -14 - -27. Let q = b + 2. Calculate the greatest common factor of q and 105.
15
Let z be ((-2)/4)/(1/2). Let o be 2 - (-1 + 2)*z. Suppose 5*c - 2*v - 43 = 0, 2*v + 3*v = c - 4. What is the greatest common factor of o and c?
3
Suppose -3*u = -5 - 1. Suppose y + 3*q - 11 - 3 = 0, u*y = 2*q + 44. What is the greatest common factor of y and 5?
5
Let p be (-5)/((-10)/(-3))*-2. Suppose 6*a = p*a + 222. Suppose a = j - 38. What is the highest common factor of 14 and j?
14
Let w be (-35)/(-5) + 1*-1. Suppose 2*t = w*t + 12, -5*t - 33 = -x. Let v = x + 7. Calculate the highest common factor of v and 25.
25
Suppose 24*c + 168 = 26*c. Let h be 6/15 + 44/(-10). Let z be (h/6)/((-1)/18). Calculate the greatest common divisor of z and c.
12
Suppose 3 = 3*f - 6. Suppose -31 - 29 = -4*a. What is the greatest common divisor of f and a?
3
Let z be 38 + (4 - -2)/(-2). Let s(f) = -f**3 + 4*f**2 - 2*f + 3. Let b be s(2). What is the highest common divisor of b and z?
7
Let w = 136 + 4. Let j = 83 + -63. What is the greatest common divisor of w and j?
20
Let z = 18 - 4. Let c(u) = 128*u**3 - 4*u**2 + 2*u. Let y be c(1). What is the greatest common factor of y and z?
14
Let k(h) = -h**2 + 33. Let i be k(0). Calculate the greatest common factor of i and 33.
33
Let m(s) = -s**3 - s**2 + 17. Let r be m(0). Calculate the greatest common factor of 34 and r.
17
Let m be ((-88)/(-3))/((-1)/(-3)). Suppose -12*q = -16*q. Suppose q = -5*r + 2*x + 65, x - 15 = 4*x. Calculate the highest common factor of r and m.
11
Let i be ((-12)/(-30))/(3/225). What is the highest common factor of 12 and i?
6
Suppose 11*y - 236 = -82. What is the greatest common factor of y and 2?
2
Suppose 4*x = x + 9. Suppose 3*t - 21 = -x. Calculate the greatest common divisor of t and 42.
6
Suppose 6*o - 2*o - 24 = 0. What is the highest common divisor of 1 and o?
1
Let s = 9 + -3. Let v be (-36)/(-7)*42/4. What is the greatest common factor of v and s?
6
Let l = 3 - 1. Suppose 0 = -5*o - 2*m - l*m + 91, -4*m + 46 = 2*o. Calculate the highest common factor of 120 and o.
15
Let u = 113 - 53. Suppose 4*w - m - 64 = 3*m, -5*w - 5*m = -70. Let v = 21 - w. What is the greatest common divisor of v and u?
6
Let j(u) = 3*u**2 + 23*u - 38. Let q(x) = x**2 + 8*x - 13. Let k(c) = 4*j(c) - 11*q(c). Let r be k(-7). Calculate the highest common divisor of r and 18.
6
Suppose 0*p = -2*p - 4*w, -2*w - 48 = -5*p. Let s = p - 3. What is the greatest common divisor of 40 and s?
5
Suppose -2*v = -4*v + 432. Let d = -126 + v. What is the highest common divisor of 10 and d?
10
Suppose -2*h + 30 = -7*h. Let n(y) = y + 18. Let s be n(h). What is the greatest common factor of 48 and s?
12
Suppose -3*r - 270 = -8*r. Calculate the greatest common factor of 36 and r.
18
Suppose 9*n = n + 1240. Calculate the highest common divisor of n and 31.
31
Suppose 22 = y - 0*y. Suppose 0 = -4*z + 3*z + y. Suppose 6*r - 32 = 2*r - 3*k, 0 = -5*r - 3*k + 43. What is the highest common factor of z and r?
11
Let f be (0 - 2)/((-18)/261). What is the greatest common factor of f and 203?
29
Let s(i) = -i**3 - 2*i**2 + 4*i + 6. Let x be s(-4). Suppose 0 = q - 12 + 5. Let f = x - q. Calculate the greatest common factor of 135 and f.
15
Suppose 18 = q + 4. Let t(b) = -b + 6. Let k be t(7). Let z be 44 + (2 + k)*-2. Calculate the highest common factor of q and z.
14
Suppose 0*m = m + x - 11, m - 4*x - 6 = 0. What is the highest common divisor of 5 and m?
5
Let v be 2/(-8) + 10386/72. What is the greatest common factor of 18 and v?
18
Let b = 103 - 35. Calculate the highest common factor of b and 17.
17
Let w = 13 - -7. What is the greatest common factor of 80 and w?
20
Suppose 40 = 3*c - 35. Calculate the highest common factor of 5 and c.
5
Let r be 4/10 + (-8)/(-5). Suppose 0 = r*i + 156 - 596. Let n be 174/9 - (-18)/27. What is the greatest common divisor of n and i?
20
Let b(z) = -z**2 + 20*z - 6. Let l be b(18). Calculate the greatest common factor of 6 and l.
6
Suppose 0 = 2*g - 12 - 16. What is the highest common factor of g and 2?
2
Let d = 619 - 360. Calculate the highest common divisor of 37 and d.
37
Let f = -131 - -211. Calculate the highest common factor of 10 and f.
10
Let t(q) = 2*q - 8. Let k be t(5). Let p = 3 + k. Calculate the greatest common factor of 35 and p.
5
Let c(s) = 42*s + 1. Let f be c(2). Let k(x) = 16*x**2 - 2*x + 3. Let n be k(1). What is the greatest common factor of f and n?
17
Suppose 6*i = i. Suppose 2*p - 26 = -i*p. What is the highest common divisor of 104 and p?
13
Let n be -4*(2 - (-15)/(-6)). Suppose 30 = -n*i + 4*i. Let z be 1 + 0/1 - -59. Calculate the highest common factor of i and z.
15
Let s be 44*1/6*3. Calculate the highest common divisor of 110 and s.
22
Let u(d) = 4*d**2 - 3*d + 15. Let o be u(-5). Calculate the highest common divisor of 52 and o.
26
Let j be (-12)/27*3*6. Let z be j/32 + 218/8. What is t